{"id":21,"date":"2018-10-29T20:31:15","date_gmt":"2018-10-29T19:31:15","guid":{"rendered":"https:\/\/dorfleben-roggenzell.de\/?page_id=21"},"modified":"2026-04-14T22:11:34","modified_gmt":"2026-04-14T21:11:34","slug":"rueckblick","status":"publish","type":"page","link":"https:\/\/dorfleben-roggenzell.de\/?page_id=21","title":{"rendered":"R\u00fcckblick"},"content":{"rendered":"\n<p>11.04.2026 <a href=\"https:\/\/helmut-a-binser.de\/?searched=true\" target=\"_blank\" rel=\"noreferrer noopener\">Helmut Binser<\/a> &#8211; Spende f\u00fcr: <a href=\"https:\/\/www.rett.de\/de\/Forschungsprojekt_44_Rett.html\" target=\"_blank\" rel=\"noopener\">Forschungsprojekt zur fr\u00fchkindlichen Entwicklung bei Rett-Syndrom,<\/a> gespendeter Betrag: noch nicht abgerechnet<\/p>\n\n\n\n<p>20.09.2025 <a href=\"https:\/\/www.petermayer.at\/hofkapelle\" target=\"_blank\" rel=\"noreferrer noopener\">Peter-Mayer-Hofkapelle<\/a> mit S\u00e4ngerin <a href=\"https:\/\/www.o-fest.at\/nora-mayer\" target=\"_blank\" rel=\"noreferrer noopener\">Nora Mayer<\/a> <\/p>\n\n\n\n<p>17.08.2025 Mondscheinkino in Roggenzell &#8211; Spende f\u00fcrs <a href=\"https:\/\/dorfleben-roggenzell.de\/\" target=\"_blank\" rel=\"noreferrer noopener\">Kinder und Familienkonzert<\/a> &#8211; gespendeter Betrag: \u20ac 102,37.<\/p>\n\n\n\n<p>06.08.2025 <a href=\"https:\/\/www.domradio.de\/artikel\/neues-buch-von-pfarrer-schiessler-erschienen\" target=\"_blank\" rel=\"noreferrer noopener\">Pfarrer Rainer Maria Schiessler<\/a> &#8211; Spende f\u00fcr <a href=\"https:\/\/www.schwaebische.de\/regional\/allgaeu\/wangen\/arbeit-durch-bildung-das-ist-das-ziel-der-machakoshilfe-3172171\" target=\"_blank\" rel=\"noreferrer noopener\">Machakos-Hilfe, Amtzell<\/a> &#8211; gespendeter Betrag: \u20ac 1.800,&#8211;  und <a href=\"https:\/\/se-argen.drs.de\/unsere-seelsorgeeinheit.html\" target=\"_blank\" rel=\"noreferrer noopener\">Kirchenglocke Roggenzell,<\/a> gespendeter Betrag: \u20ac 900,&#8211;.<\/p>\n\n\n\n<p>15.03.2025 <a href=\"https:\/\/www.katrinunterlercher.at\/termine\/\" target=\"_blank\" rel=\"noreferrer noopener\">Katrin und Werner Unterlercher<\/a> &#8211; Spende f\u00fcr <a href=\"https:\/\/www.aktion-jemenhilfe.de\/\" target=\"_blank\" rel=\"noreferrer noopener\">F\u00f6rderverein Aktion Jemenhilfe e.V.<\/a> &#8211; gespendeter Betrag: \u20ac 2.042,42.<\/p>\n\n\n\n<p>16.02.2025 <a href=\"https:\/\/www.ardmediathek.de\/video\/auf-dem-nockherberg\/die-fastenrede-2024-von-maximilian-schafroth\/br-fernsehen\/Y3JpZDovL2JyLmRlL3ZpZGVvLzI0ZDU5ZDg0LWZhMWEtNGE0NS1iNDdkLTQ1ZDFlYTgzODIwMg\" target=\"_blank\" rel=\"noreferrer noopener\">Maxi Schafroth<\/a> &#8211; Spende f\u00fcr <a href=\"https:\/\/zeltschule.org\/\" target=\"_blank\" rel=\"noreferrer noopener\">Zeltschule e.V.<\/a> &#8211; gespendeter Betrag: \u20ac 5.850,&#8211;.<\/p>\n\n\n\n<p>28.09.2024 <a rel=\"noreferrer noopener\" href=\"https:\/\/andreas-martin-hofmeir.com\/european-tuba-power\/\" target=\"_blank\">European Tuba Power<\/a> &#8211; Spende f\u00fcr <a rel=\"noreferrer noopener\" href=\"https:\/\/www.unicef.de\/informieren\/aktuelles\/israel-gaza\" target=\"_blank\">Unicef Kinderhilfe<\/a>, gespendeter Betrag: \u20ac 1.640,83.<\/p>\n\n\n\n<p>06.04.2024 <a rel=\"noreferrer noopener\" href=\"https:\/\/www.heinrich-delcore.de\/presse\/glueck-ghabt\/\" target=\"_blank\">Heinrich del Core<\/a> &#8211; Spende f\u00fcr <a rel=\"noreferrer noopener\" href=\"https:\/\/www.aerzte-ohne-grenzen.de\/\" target=\"_blank\">\u00c4rzte ohne Grenzen<\/a>, gespendeter Betrag: \u20ac 4.026,68 und <a rel=\"noreferrer noopener\" href=\"http:\/\/Tafel Deutschland - Die Tafeln: Lebensmittel retten. Menschen helfen.(\u00f6ffnet in neuem Tab) tafel.de\" target=\"_blank\">Tafel Wangen<\/a>, gespendeter Betrag: \u20ac 2.013,34.<\/p>\n\n\n\n<p>07.+08.12.2023 <a rel=\"noreferrer noopener\" href=\"https:\/\/www.katrinunterlercher.at\/\" target=\"_blank\">Katrin und Werner Unterlercher<\/a> mit <a rel=\"noreferrer noopener\" href=\"https:\/\/de.wikipedia.org\/wiki\/Charly_Rabanser\" target=\"_blank\">Charly Rabanser<\/a> &#8211; Spende f\u00fcr: Kirchenglocke f\u00fcr <a rel=\"noreferrer noopener\" href=\"https:\/\/se-argen.drs.de\/roggenzell.html\" target=\"_blank\">Kirchengemeinde Roggenzell<\/a>, gespendeter Betrag: \u20ac 2.020,&#8211;.<\/p>\n\n\n\n<p>30.09.2023 <a rel=\"noreferrer noopener\" href=\"https:\/\/de.wikipedia.org\/wiki\/Christian_Peter_Dogs\" target=\"_blank\">Dr. Christian Dogs<\/a> &#8211; Spende f\u00fcr: <a rel=\"noreferrer noopener\" href=\"http:\/\/www.hospiz-lindau.de\/\" target=\"_blank\">Besuchsdienst f\u00fcr Kranke und Sterbende e.V. Lindau<\/a>, gespendeter Betrag: \u20ac 3.754,26.<\/p>\n\n\n\n<p>21.06.2023 <a rel=\"noreferrer noopener\" href=\"https:\/\/link.springer.com\/chapter\/10.1007\/978-3-662-60730-5_5\" target=\"_blank\">Prof. Wilhelm Windisch<\/a> &#8211; Spende f\u00fcr: Schulprojekt, Betrag \u20ac 270,69<\/p>\n\n\n\n<p>22.04.2023 <a rel=\"noreferrer noopener\" href=\"https:\/\/www.die-schrillen-fehlaperlen.de\/\" target=\"_blank\">die schrillen Fehlaperlen<\/a> &#8211; Spende f\u00fcr: <a rel=\"noreferrer noopener\" href=\"https:\/\/www.ampo-intl.org\/de\/start.html\" target=\"_blank\">AMPO International<\/a>, gespendeter Betrag: \u20ac 2.500,&#8211; und <a rel=\"noreferrer noopener\" href=\"https:\/\/www.ravensburger-clowns.de\/\" target=\"_blank\">Ravensburger Clowns e.V.<\/a>, gespendeter Betrag: \u20ac 1.500,&#8211; und <a rel=\"noreferrer noopener\" href=\"https:\/\/www.tafel.de\/\" target=\"_blank\">Tafel Wangen<\/a>, gespendeter Betrag: \u20ac 878,45.<\/p>\n\n\n\n<p>24.09.2022<a rel=\"noopener\" href=\"http:\/\/maxischafroth.de\/\" target=\"_blank\"> Maxi Schafroth<\/a> &#8211; Spende f\u00fcr: <a rel=\"noopener\" href=\"https:\/\/www.rett.de\/de\/Forschungsprojekt_44_Rett.html\" target=\"_blank\">Forschungsprojekt zur fr\u00fchkindlichen Entwicklung bei Rett-Syndrom,<\/a> gespendeter Betrag: \u20ac 3.615,18 und <a rel=\"noopener\" href=\"https:\/\/www.rett-syndrom-deutschland.de\/forschung\/Rett-Syndrom-Forschung.html\" target=\"_blank\">Rett-Syndrom Deutschland e.V.<\/a>, gespendeter Betrag: \u20ac 3.615,18.<\/p>\n\n\n\n<p>24.06.2022 <a href=\"https:\/\/well-brueder.de\/\" target=\"_blank\" rel=\"noopener\">Well-Br\u00fcder<\/a> &#8211; Spende f\u00fcr: <a href=\"https:\/\/www.caritas-bodensee-oberschwaben.de\/hilfeundberatung\/finanzielle-und-soziale-notlagen\/tafellaeden\/\" target=\"_blank\" rel=\"noopener\">Tafel Wangen<\/a>, gespendeter Betrag: \u20ac 1.185,55.<\/p>\n\n\n\n<p>14.11.2021 <a href=\"https:\/\/de.wikipedia.org\/wiki\/Notker_Wolf\" target=\"_blank\" rel=\"noopener\">Notker Wolf<\/a>&nbsp;&#8211; Spende f\u00fcr: <a href=\"https:\/\/de.wikipedia.org\/wiki\/Udayan_Care\" target=\"_blank\" rel=\"noopener\">Schulprojekt in Indien<\/a>, gespendeter Betrag: \u20ac 1.000,\u2013.<\/p>\n\n\n\n<p>18.11.2019 Herbst-Zeit-Lese &#8211; Spende f\u00fcr: <a href=\"http:\/\/grundschule-schomburg.de\/\" target=\"_blank\" rel=\"noreferrer noopener\">Grundschule Schomburg, <\/a>gespendeter Betrag: \u20ac 100,\u2013.<\/p>\n\n\n\n<p>21.09.2019 <a href=\"http:\/\/www.sangesmannen.de\/\" target=\"_blank\" rel=\"noreferrer noopener\">Mannes Sangesmannen<\/a>&nbsp;&#8211; Spende f\u00fcr: <a href=\"https:\/\/salvatorianer.de\/wo-wir-sind\/salvatorianer-weltweit\/\" target=\"_blank\" rel=\"noreferrer noopener\">Salvatorianer weltweit<\/a>, gespendeter Betrag: \u20ac 1.750,\u2013, <a href=\"https:\/\/www.sg-niederwangen.de\/\" target=\"_blank\" rel=\"noreferrer noopener\">SG Niederwangen<\/a>, gespendeter Betrag \u20ac 500,\u2013.<\/p>\n\n\n\n<p>08.03.2019 <a href=\"http:\/\/www.maxischafroth.de\/\" target=\"_blank\" rel=\"noreferrer noopener\">Maxi Schafroth<\/a>&nbsp;&nbsp;&#8211; Spende f\u00fcr: <a href=\"https:\/\/de.wikipedia.org\/wiki\/Udayan_Care\" target=\"_blank\" rel=\"noreferrer noopener\">Schulprojekt in Indien<\/a>, gespendeter Betrag: \u20ac 3.254,81, <a href=\"https:\/\/wohnungslosenhilfe.herzogsaegmuehle.de\/ambulante-hilfen\/waermestube-schongau\" target=\"_blank\" rel=\"noreferrer noopener\">W\u00e4rmestube Schongau<\/a>, gespendeter Betrag: \u20ac 1.506,65.<\/p>\n\n\n\n<p>16.11.2018&nbsp; Herbst-Zeit-Lese &#8211; Spende f\u00fcr:&nbsp;Schulen <a href=\"http:\/\/www.grundschule-neuravensburg.de\/\" target=\"_blank\" rel=\"noreferrer noopener\">Neuravensburg <\/a>+ <a href=\"https:\/\/www.schule-niederwangen.de\/\" target=\"_blank\" rel=\"noreferrer noopener\">Niederwangen<\/a>, gespendeter Betrag: jeweils \u20ac 100,&#8211;.<\/p>\n\n\n\n<p>18.10.2018 Erste Hilfe &#8211; Spende f\u00fcr: <a href=\"https:\/\/www.drk-rv.de\/angebote-kurse\/bevoelkerungsschutz-und-rettung\/helfer-vor-ort.html\" target=\"_blank\" rel=\"noreferrer noopener\">Ersthelfer vor Ort<\/a>, gespendeter Betrag: \u20ac 439,10.<\/p>\n\n\n\n<p>24.06.2018 Johannifeier&nbsp;&#8211; Spende f\u00fcr: <a href=\"https:\/\/brennessel-ravensburg.de\/\" target=\"_blank\" rel=\"noreferrer noopener\">Brennessel e.V. Ravensburg<\/a>, gespendeter Betrag: \u20ac 60,65.<\/p>\n\n\n\n<p>28.04.2018 <a href=\"https:\/\/de.wikipedia.org\/wiki\/Notker_Wolf\" target=\"_blank\" rel=\"noreferrer noopener\">Notker Wolf<\/a> &#8211; Spende f\u00fcr <a href=\"https:\/\/de.wikipedia.org\/wiki\/Udayan_Care\" target=\"_blank\" rel=\"noreferrer noopener\">Schulprojekt in Indien<\/a>, gespendeter Betrag: 5.138,85.<\/p>\n\n\n\n<p>23.09.2017 <a href=\"https:\/\/www.die-schrillen-fehlaperlen.de\/\" target=\"_blank\" rel=\"noreferrer noopener\">die schrillen Fehlaperlen<\/a>&nbsp;&#8211; Spende f\u00fcr: <a href=\"http:\/\/www.drk-ov-wangen.de\/unser-ortsverein\/bereitschaft\/helfer-vor-ort.html\" target=\"_blank\" rel=\"noreferrer noopener\">DRK<\/a>, gespendeter Betrag: \u20ac 500,&#8211;, <a href=\"https:\/\/brennessel-ravensburg.de\/\" target=\"_blank\" rel=\"noreferrer noopener\">Brennessel<\/a>, gespendeter Betrag: \u20ac 1.000,&#8211;, <a href=\"http:\/\/www.abriendocaminos.de\/de\/willkommen\/\" target=\"_blank\" rel=\"noreferrer noopener\">Abriendo Cam, <\/a>gespendeter Betrag: \u20ac 1.000,&#8211;.<\/p>\n\n\n\n<p>09.08.2017 <a href=\"http:\/\/www.st-maximilian.de\/ueber-uns.html\" target=\"_blank\" rel=\"noreferrer noopener\">Pfarrer Rainer Maria Schiessler<\/a> &#8211; Spende f\u00fcr: Hilfsprojekte Pfr. Schiessler, gespendeter Betrag: \u20ac 3.596,64.<\/p>\n\n\n\n<p>23.06.2017 Johannifeier&nbsp;&#8211; Spende f\u00fcr: <a href=\"https:\/\/www.aktion-deutschland-hilft.de\/de\/fachthemen\/afrika\/suedsudan\/\" target=\"_blank\" rel=\"noreferrer noopener\">Deutschland hilft S\u00fcdsudan, <\/a>gespendeter Betrag: \u20ac 650,&#8211;.<\/p>\n\n\n\n<p>19.02.2017 <a href=\"http:\/\/www.saloniker-wangen.de\/\" target=\"_blank\" rel=\"noreferrer noopener\">Saloniker<\/a>&nbsp;&#8211; Spende f\u00fcr: <a href=\"http:\/\/www.klumpfuss-feuerkinder.de\/\" target=\"_blank\" rel=\"noreferrer noopener\">Klumpfu\u00df-Feuerkinder, Tansania, <\/a>gespendeter Betrag: \u20ac 400,&#8211;.<\/p>\n\n\n\n<p>22.01.2017 <a href=\"http:\/\/andreasenglisch.de\/\" target=\"_blank\" rel=\"noreferrer noopener\">Andreas Englisch<\/a>&nbsp;&#8211; Spende f\u00fcr: <a href=\"http:\/\/www.kinderbruecke-isny.de\/\" target=\"_blank\" rel=\"noreferrer noopener\">Kinderbr\u00fccke Isny,<\/a> gespendeter Betrag \u20ac 400,&#8211; und&nbsp; <a href=\"https:\/\/www.musikkapelle-roggenzell.de\/\" target=\"_blank\" rel=\"noreferrer noopener\">MUKARO,<\/a> gespendeter Betrag: \u20ac 100,&#8211;.<\/p>\n\n\n\n<p>31.10.2016 Diavortrag &#8222;von Denver bis Las Vegas &#8211; Amerika entlang des&nbsp; Colorado River&#8220; &#8211; Spende f\u00fcr: Jugendarbeit <a href=\"http:\/\/jugendarbeit.musikkapelle-roggenzell.de\/\" target=\"_blank\" rel=\"noreferrer noopener\">MUKARO<\/a> und <a href=\"https:\/\/musikverein-schwarzenbach.de\/\" target=\"_blank\" rel=\"noreferrer noopener\">MV Schwarzenbach <\/a>gespendeter Betrag: jeweils \u20ac 250,&#8211;.<\/p>\n\n\n\n<p>23.06.2016 Johannifeier&nbsp;&#8211; Spende f\u00fcr: <a href=\"https:\/\/www.dkms.de\/de\" target=\"_blank\" rel=\"noreferrer noopener\">DKMS, <\/a>gespendeter Betrag: \u20ac 650,&#8211;.<\/p>\n\n\n\n<p>06.03.2016 und zweiter Termin:<br>03.04.2016 Film: &#8222;Aus meim Leaba \u2013 vier Gro\u00dfm\u00fcttra verzellet&#8220; &#8211; Spende f\u00fcr: <a href=\"http:\/\/www.pater-berno-stiftung.de\/\" target=\"_blank\" rel=\"noreferrer noopener\">Pater-Berno-Stiftung, <\/a>gespendeter Betrag: \u20ac 400,&#8211;.<\/p>\n\n\n\n<p>21.02.2016 <a href=\"http:\/\/www.saloniker-wangen.de\/\" target=\"_blank\" rel=\"noreferrer noopener\">Saloniker<\/a>&nbsp;&#8211; Spende f\u00fcr: <a href=\"https:\/\/www.kinderhospiz-nikolaus.de\/\" target=\"_blank\" rel=\"noreferrer noopener\">Kinderhospiz St. Nikolaus, <\/a>gespendeter Betrag: \u20ac 1.000,&#8211;.<\/p>\n\n\n\n<p><\/p>\n","protected":false},"excerpt":{"rendered":"<p>11.04.2026 Helmut Binser &#8211; Spende f\u00fcr: Forschungsprojekt zur fr\u00fchkindlichen Entwicklung bei Rett-Syndrom, gespendeter Betrag: noch nicht abgerechnet 20.09.2025 Peter-Mayer-Hofkapelle mit S\u00e4ngerin Nora Mayer 17.08.2025 Mondscheinkino in Roggenzell &#8211; Spende f\u00fcrs Kinder und Familienkonzert &#8211; gespendeter Betrag: \u20ac 102,37. 06.08.2025 Pfarrer Rainer Maria Schiessler &#8211; Spende f\u00fcr Machakos-Hilfe, Amtzell &#8211; gespendeter Betrag: \u20ac 1.800,&#8211; und Kirchenglocke &hellip; <a href=\"https:\/\/dorfleben-roggenzell.de\/?page_id=21\" class=\"more-link\"><span class=\"screen-reader-text\">\u201eR\u00fcckblick\u201c<\/span> weiterlesen<\/a><\/p>\n","protected":false},"author":1,"featured_media":0,"parent":0,"menu_order":0,"comment_status":"closed","ping_status":"closed","template":"","meta":{"footnotes":""},"class_list":["post-21","page","type-page","status-publish","hentry"],"_links":{"self":[{"href":"https:\/\/dorfleben-roggenzell.de\/index.php?rest_route=\/wp\/v2\/pages\/21","targetHints":{"allow":["GET"]}}],"collection":[{"href":"https:\/\/dorfleben-roggenzell.de\/index.php?rest_route=\/wp\/v2\/pages"}],"about":[{"href":"https:\/\/dorfleben-roggenzell.de\/index.php?rest_route=\/wp\/v2\/types\/page"}],"author":[{"embeddable":true,"href":"https:\/\/dorfleben-roggenzell.de\/index.php?rest_route=\/wp\/v2\/users\/1"}],"replies":[{"embeddable":true,"href":"https:\/\/dorfleben-roggenzell.de\/index.php?rest_route=%2Fwp%2Fv2%2Fcomments&post=21"}],"version-history":[{"count":72,"href":"https:\/\/dorfleben-roggenzell.de\/index.php?rest_route=\/wp\/v2\/pages\/21\/revisions"}],"predecessor-version":[{"id":1182,"href":"https:\/\/dorfleben-roggenzell.de\/index.php?rest_route=\/wp\/v2\/pages\/21\/revisions\/1182"}],"wp:attachment":[{"href":"https:\/\/dorfleben-roggenzell.de\/index.php?rest_route=%2Fwp%2Fv2%2Fmedia&parent=21"}],"curies":[{"name":"wp","href":"https:\/\/api.w.org\/{rel}","templated":true}]}}